{"id":1425,"date":"2020-07-08T23:10:16","date_gmt":"2020-07-08T21:10:16","guid":{"rendered":"https:\/\/www.stb-rohr.de\/?page_id=1425"},"modified":"2025-08-12T14:22:54","modified_gmt":"2025-08-12T12:22:54","slug":"unser-team","status":"publish","type":"page","link":"https:\/\/www.stb-rohr.de\/index.php\/unser-team\/","title":{"rendered":"TEAM"},"content":{"rendered":"\n<figure class=\"wp-block-image size-large\"><img loading=\"lazy\" width=\"87\" height=\"47\" src=\"https:\/\/www.stb-rohr.de\/wp-content\/uploads\/2020\/05\/ICON_TEAM-1.png\" alt=\"\" class=\"wp-image-1344\"\/><\/figure>\n\n\n\n<p><\/p>\n\n\n\n<div class=\"wp-block-columns\">\n<div class=\"wp-block-column\">\n<div class=\"wp-block-columns\">\n<div class=\"wp-block-column\" style=\"flex-basis:33.33%\">\n<figure class=\"wp-block-image size-large\"><img loading=\"lazy\" width=\"200\" height=\"200\" src=\"https:\/\/www.stb-rohr.de\/wp-content\/uploads\/2020\/07\/SR_S_CUT_WEB_TEAM_ENH.png\" alt=\"\" class=\"wp-image-1483\" srcset=\"https:\/\/www.stb-rohr.de\/wp-content\/uploads\/2020\/07\/SR_S_CUT_WEB_TEAM_ENH.png 200w, https:\/\/www.stb-rohr.de\/wp-content\/uploads\/2020\/07\/SR_S_CUT_WEB_TEAM_ENH-150x150.png 150w\" sizes=\"(max-width: 200px) 100vw, 200px\" \/><\/figure>\n<\/div>\n\n\n\n<div class=\"wp-block-column\" style=\"flex-basis:66.66%\">\n<div class=\"wp-block-group\"><div class=\"wp-block-group__inner-container\">\n<strong>Stefan Rohr<\/strong><br>\n<i>Diplom-Betriebswirt (BA) | Steuerberater<\/i><br>\n<br><br>Kanzleiinhaber<br><a href=\"mailto:s.rohr@stb-rohr.de\">s.rohr@stb-rohr.de<\/a><br>\n<\/div><\/div>\n<\/div>\n<\/div>\n<\/div>\n\n\n\n<div class=\"wp-block-column\">\n<div class=\"wp-block-columns\">\n<div class=\"wp-block-column\"><\/div>\n<\/div>\n<\/div>\n<\/div>\n\n\n\n<div class=\"wp-block-columns\">\n<div class=\"wp-block-column\">\n<div class=\"wp-block-columns\">\n<div class=\"wp-block-column\">\n<div class=\"wp-block-columns\">\n<div class=\"wp-block-column\">\n<p><strong>Sekretariat | Zentrale<\/strong><\/p>\n<\/div>\n\n\n\n<div class=\"wp-block-column\">\n<p><strong>Olga Paschek<\/strong><\/p>\n<\/div>\n\n\n\n<div class=\"wp-block-column\">\n<p><strong>06321 &#8211; 96532 &#8211; 0<\/strong><br><a href=\"mailto:sekretariat@stb-rohr.de\">sekretariat@stb-rohr.de<\/a><\/p>\n<\/div>\n<\/div>\n\n\n\n<p><\/p>\n<\/div>\n<\/div>\n<\/div>\n<\/div>\n\n\n\n<div class=\"wp-block-columns\">\n<div class=\"wp-block-column\">\n<p><strong>Claudia-Ariane Mala<\/strong><br><em>Ass. jur.<\/em><br>Jahresabschl\u00fcsse | Steuererkl\u00e4rungen<br><a href=\"mailto:c.mala@stb-rohr.de\">c.mala@stb-rohr.de<\/a><\/p>\n<\/div>\n\n\n\n<div class=\"wp-block-column\">\n<p><strong>Patrick Burkhardt<\/strong><br><em>Steuerfachangestellter<\/em><br>Jahresabschl\u00fcsse | Steuererkl\u00e4rungen<br><a href=\"mailto:p.burkhardt@stb-rohr.de\">p.burkhardt@stb-rohr.de<\/a><\/p>\n<\/div>\n\n\n\n<div class=\"wp-block-column\">\n<p><strong>Carolin Roth<\/strong><br><em>Steuerfachangestellte<\/em><br>Steuererkl\u00e4rungen | Finanzbuchhaltung<br><a href=\"mailto:c.roth@stb-rohr.de\">c.roth@stb-rohr.de<\/a><\/p>\n<\/div>\n<\/div>\n\n\n\n<div class=\"wp-block-columns\">\n<div class=\"wp-block-column\">\n<p><strong>Olga Foos<\/strong><br><em>Steuerfachangestellte<\/em><br>Finanzbuchhaltung | Lohnbuchhaltung<br><a href=\"mailto:o.foos@stb-rohr.de\">o.foos@stb-rohr.de<\/a><\/p>\n<\/div>\n\n\n\n<div class=\"wp-block-column\">\n<p><strong>Marzena Mees<\/strong><br><em>Staatlich gepr\u00fcfte Assistentin f\u00fcr Rechnungswesen<\/em><br>Finanzbuchhaltung | Lohnbuchhaltung<br><a href=\"mailto:m.mees@stb-rohr.de\">m.mees@stb-rohr.de<\/a><\/p>\n<\/div>\n\n\n\n<div class=\"wp-block-column\">\n<p><strong>Anatol Benner<\/strong><br><em>Buchhaltungsassistent<\/em><br>Finanzbuchhaltung | Lohnbuchhaltung<br><a href=\"mailto:a.benner@stb-rohr.de\">a.benner@stb-rohr.de<\/a><\/p>\n<\/div>\n<\/div>\n\n\n\n<div class=\"wp-block-columns\">\n<div class=\"wp-block-column\">\n<p><strong>Naxhije Mucaj<\/strong><br><em>Auszubildende zur Steuerfachangestellten<\/em><br>Finanzbuchhaltung | Steuererkl\u00e4rungen<br><a href=\"mailto:n.mucaj@stb-rohr.de\">n.mucaj@stb-rohr.de<\/a><\/p>\n<\/div>\n\n\n\n<div class=\"wp-block-column\"><\/div>\n\n\n\n<div class=\"wp-block-column\"><\/div>\n<\/div>\n","protected":false},"excerpt":{"rendered":"<p>Claudia-Ariane MalaAss. jur.Jahresabschl\u00fcsse | Steuererkl\u00e4rungenc.mala@stb-rohr.de Patrick BurkhardtSteuerfachangestellterJahresabschl\u00fcsse | Steuererkl\u00e4rungenp.burkhardt@stb-rohr.de Carolin RothSteuerfachangestellteSteuererkl\u00e4rungen | Finanzbuchhaltungc.roth@stb-rohr.de Olga FoosSteuerfachangestellteFinanzbuchhaltung | Lohnbuchhaltungo.foos@stb-rohr.de Marzena MeesStaatlich gepr\u00fcfte Assistentin f\u00fcr RechnungswesenFinanzbuchhaltung | Lohnbuchhaltungm.mees@stb-rohr.de Anatol BennerBuchhaltungsassistentFinanzbuchhaltung | Lohnbuchhaltunga.benner@stb-rohr.de Naxhije MucajAuszubildende zur SteuerfachangestelltenFinanzbuchhaltung | Steuererkl\u00e4rungenn.mucaj@stb-rohr.de<\/p>\n","protected":false},"author":1,"featured_media":1110,"parent":0,"menu_order":2,"comment_status":"closed","ping_status":"closed","template":"","meta":{"gt_page_layout":"fullwidth","gt_hide_page_title":true,"gt_remove_bottom_margin":false},"_links":{"self":[{"href":"https:\/\/www.stb-rohr.de\/index.php\/wp-json\/wp\/v2\/pages\/1425"}],"collection":[{"href":"https:\/\/www.stb-rohr.de\/index.php\/wp-json\/wp\/v2\/pages"}],"about":[{"href":"https:\/\/www.stb-rohr.de\/index.php\/wp-json\/wp\/v2\/types\/page"}],"author":[{"embeddable":true,"href":"https:\/\/www.stb-rohr.de\/index.php\/wp-json\/wp\/v2\/users\/1"}],"replies":[{"embeddable":true,"href":"https:\/\/www.stb-rohr.de\/index.php\/wp-json\/wp\/v2\/comments?post=1425"}],"version-history":[{"count":61,"href":"https:\/\/www.stb-rohr.de\/index.php\/wp-json\/wp\/v2\/pages\/1425\/revisions"}],"predecessor-version":[{"id":1608,"href":"https:\/\/www.stb-rohr.de\/index.php\/wp-json\/wp\/v2\/pages\/1425\/revisions\/1608"}],"wp:featuredmedia":[{"embeddable":true,"href":"https:\/\/www.stb-rohr.de\/index.php\/wp-json\/wp\/v2\/media\/1110"}],"wp:attachment":[{"href":"https:\/\/www.stb-rohr.de\/index.php\/wp-json\/wp\/v2\/media?parent=1425"}],"curies":[{"name":"wp","href":"https:\/\/api.w.org\/{rel}","templated":true}]}}